{"id":4426,"date":"2022-12-21T08:46:34","date_gmt":"2022-12-21T08:46:34","guid":{"rendered":"https:\/\/www.ube.cat\/web\/?page_id=4426"},"modified":"2022-12-21T10:12:24","modified_gmt":"2022-12-21T10:12:24","slug":"avantatges-de-ser-soci","status":"publish","type":"page","link":"https:\/\/www.ube.cat\/web\/avantatges-de-ser-soci\/","title":{"rendered":"Avantatges de ser soci de la Uni\u00f3 de Botiguers"},"content":{"rendered":"\n<div style=\"height:33px\" aria-hidden=\"true\" class=\"wp-block-spacer\"><\/div>\n\n\n\n<h2 class=\"wp-block-heading\">\u00a1Els Socis de la UBE ens beneficiem de molts avantatges!<\/h2>\n\n\n\n<div style=\"height:33px\" aria-hidden=\"true\" class=\"wp-block-spacer\"><\/div>\n\n\n\n<div class=\"wp-block-media-text alignwide is-stacked-on-mobile\" style=\"grid-template-columns:15% auto\"><figure class=\"wp-block-media-text__media\"><img decoding=\"async\" loading=\"lazy\" width=\"115\" height=\"150\" src=\"https:\/\/www.ube.cat\/web\/wp-content\/uploads\/2022\/12\/esplugues-comerc-logo-petit.png\" alt=\"esplugues comer\u00e7\" class=\"wp-image-4438 size-full\"\/><\/figure><div class=\"wp-block-media-text__content\">\n<h3 class=\"wp-block-heading\">Alta en la nostra galeria comercial <\/h3>\n\n\n\n<p>Tots els nostres socis son donats d&#8217;alta a la <a rel=\"noreferrer noopener\" href=\"https:\/\/xn--espluguescomer-tjb.cat\/\" target=\"_blank\" class=\"broken_link\">Guia Comercial d&#8217;Esplugues Comer\u00e7<\/a>. Aquesta guia es accessible desde tots els identificadors instal\u00b7lats a l&#8217;entrada de tots els comer\u00e7os associats a la UBE.<\/p>\n<\/div><\/div>\n\n\n\n<div style=\"height:33px\" aria-hidden=\"true\" class=\"wp-block-spacer\"><\/div>\n\n\n\n<div class=\"wp-block-media-text alignwide is-stacked-on-mobile\" style=\"grid-template-columns:15% auto\"><figure class=\"wp-block-media-text__media\"><img decoding=\"async\" loading=\"lazy\" width=\"300\" height=\"199\" src=\"https:\/\/www.ube.cat\/web\/wp-content\/uploads\/2022\/12\/catalnet-300x199-1.png\" alt=\"\" class=\"wp-image-4439 size-full\" srcset=\"https:\/\/www.ube.cat\/web\/wp-content\/uploads\/2022\/12\/catalnet-300x199-1.png 300w, https:\/\/www.ube.cat\/web\/wp-content\/uploads\/2022\/12\/catalnet-300x199-1-285x190.png 285w\" sizes=\"(max-width: 300px) 100vw, 300px\" \/><\/figure><div class=\"wp-block-media-text__content\">\n<h3 class=\"wp-block-heading\">Descompte per la teva nova botiga online<\/h3>\n\n\n\n<p>Tots els socis de la UBE tenim un <strong>20% de descompte<\/strong> per fer-nos una <strong><a rel=\"noreferrer noopener\" href=\"https:\/\/catalnet.com\/botigues-on-line\/\" target=\"_blank\">botiga online<\/a><\/strong> amb l&#8217;empresa socia Catalnet. Ja no tens excusa per no ampliar la captaci\u00f3 de nous clients mitjan\u00e7ant elmedi digital!<\/p>\n<\/div><\/div>\n\n\n\n<div style=\"height:33px\" aria-hidden=\"true\" class=\"wp-block-spacer\"><\/div>\n\n\n\n<p class=\"has-text-align-right has-small-font-size\">NOTA: Tots els socis de la UBE podeu inclure en aquest apartat, un benefici pels altres soci. Contacteu-nos!<\/p>\n\n\n\n<div style=\"height:33px\" aria-hidden=\"true\" class=\"wp-block-spacer\"><\/div>\n\n\n\n<h2 class=\"wp-block-heading\">Els socis de la UBE tenim totes les avantatges de pert\u00e0nyer a PIMEC<\/h2>\n\n\n\n<div style=\"height:33px\" aria-hidden=\"true\" class=\"wp-block-spacer\"><\/div>\n\n\n\n<p class=\"has-text-align-center\">Pimec es la patronal m\u00e9s important de Catalunya, i ens engloba a <strong>comer\u00e7<\/strong>, micro, petita i mitjana empresa.<\/p>\n\n\n\n<p class=\"has-text-align-left\"><strong>La Uni\u00f3 de Botiguers estem associats i formem part dels organs Pimec. <\/strong><\/p>\n\n\n\n<p>Aix\u00f2 vol dir que part de la quota que pagues a la UBE costeja ser soci de PIMEC COMER\u00c7.<\/p>\n\n\n\n<p><strong>\u00a1Ja pots beneficiar-te de tots els avantantges de ser soci de PIMEC!<\/strong><\/p>\n\n\n\n<div style=\"height:33px\" aria-hidden=\"true\" class=\"wp-block-spacer\"><\/div>\n\n\n\n<figure class=\"wp-block-image size-large\"><img decoding=\"async\" loading=\"lazy\" width=\"812\" height=\"1024\" src=\"https:\/\/www.ube.cat\/web\/wp-content\/uploads\/2022\/12\/avantatges-pimec-812x1024.jpg\" alt=\"\" class=\"wp-image-4427\" srcset=\"https:\/\/www.ube.cat\/web\/wp-content\/uploads\/2022\/12\/avantatges-pimec-812x1024.jpg 812w, https:\/\/www.ube.cat\/web\/wp-content\/uploads\/2022\/12\/avantatges-pimec-238x300.jpg 238w, https:\/\/www.ube.cat\/web\/wp-content\/uploads\/2022\/12\/avantatges-pimec-768x968.jpg 768w, https:\/\/www.ube.cat\/web\/wp-content\/uploads\/2022\/12\/avantatges-pimec-1219x1536.jpg 1219w, https:\/\/www.ube.cat\/web\/wp-content\/uploads\/2022\/12\/avantatges-pimec-1625x2048.jpg 1625w, https:\/\/www.ube.cat\/web\/wp-content\/uploads\/2022\/12\/avantatges-pimec.jpg 1920w\" sizes=\"(max-width: 812px) 100vw, 812px\" \/><\/figure>\n\n\n\n<div style=\"height:33px\" aria-hidden=\"true\" class=\"wp-block-spacer\"><\/div>\n\n\n\n<h4 class=\"wp-block-heading\">Com demanar i accedir a les avantages de PIMEC<\/h4>\n\n\n\n<div style=\"height:33px\" aria-hidden=\"true\" class=\"wp-block-spacer\"><\/div>\n\n\n\n<p>Si ets soci de la Uni\u00f3 de Botiguers pots demanar acc\u00e9s als avantatges de PIMEC mitjan\u00e7ant dues vies:<\/p>\n\n\n\n<div style=\"height:33px\" aria-hidden=\"true\" class=\"wp-block-spacer\"><\/div>\n\n\n\n<p>-Cumplimentar aquest <a rel=\"noreferrer noopener\" href=\"https:\/\/www.pimec.org\/ca\/contacte-acords\" target=\"_blank\" class=\"broken_link\">formulari de contacte<\/a><\/p>\n\n\n\n<div style=\"height:33px\" aria-hidden=\"true\" class=\"wp-block-spacer\"><\/div>\n\n\n\n<p>-Contactar amb la nostra t\u00e9cnica:<\/p>\n\n\n\n<p><strong>Olga Estalella<\/strong><br>Tel.: 934964500<br>acordsidescomptes@pimec.org<\/p>\n\n\n\n<div style=\"height:33px\" aria-hidden=\"true\" class=\"wp-block-spacer\"><\/div>\n\n\n\n<h2 class=\"wp-block-heading\">Vols fert-te soci\/a?<\/h2>\n\n\n\n<p>Es molt senzill; nom\u00e9s has de cumplimentar el formulari que trobar\u00e0s en <a href=\"https:\/\/www.ube.cat\/web\/fest-te-soci\/\" data-type=\"page\" data-id=\"4393\">aquest enlla\u00e7<\/a>.<\/p>\n\n\n\n<div style=\"height:100px\" aria-hidden=\"true\" class=\"wp-block-spacer\"><\/div>\n","protected":false},"excerpt":{"rendered":"<p>\u00a1Els Socis de la UBE ens beneficiem de molts avantatges! Alta en la nostra galeria comercial Tots els nostres socis son donats d&#8217;alta a la Guia Comercial d&#8217;Esplugues Comer\u00e7. Aquesta guia es accessible desde tots els identificadors instal\u00b7lats a l&#8217;entrada de tots els comer\u00e7os associats a la UBE. Descompte per la teva nova botiga online&#8230;<\/p>\n<p class=\"more-link\"><a href=\"https:\/\/www.ube.cat\/web\/avantatges-de-ser-soci\/\" class=\"themebutton\">Read More<\/a><\/p>\n","protected":false},"author":1,"featured_media":0,"parent":0,"menu_order":0,"comment_status":"closed","ping_status":"closed","template":"","meta":{"jetpack_post_was_ever_published":false},"categories":[],"tags":[],"jetpack_sharing_enabled":true,"jetpack_shortlink":"https:\/\/wp.me\/P9FdUF-19o","_links":{"self":[{"href":"https:\/\/www.ube.cat\/web\/wp-json\/wp\/v2\/pages\/4426"}],"collection":[{"href":"https:\/\/www.ube.cat\/web\/wp-json\/wp\/v2\/pages"}],"about":[{"href":"https:\/\/www.ube.cat\/web\/wp-json\/wp\/v2\/types\/page"}],"author":[{"embeddable":true,"href":"https:\/\/www.ube.cat\/web\/wp-json\/wp\/v2\/users\/1"}],"replies":[{"embeddable":true,"href":"https:\/\/www.ube.cat\/web\/wp-json\/wp\/v2\/comments?post=4426"}],"version-history":[{"count":4,"href":"https:\/\/www.ube.cat\/web\/wp-json\/wp\/v2\/pages\/4426\/revisions"}],"predecessor-version":[{"id":4442,"href":"https:\/\/www.ube.cat\/web\/wp-json\/wp\/v2\/pages\/4426\/revisions\/4442"}],"wp:attachment":[{"href":"https:\/\/www.ube.cat\/web\/wp-json\/wp\/v2\/media?parent=4426"}],"wp:term":[{"taxonomy":"category","embeddable":true,"href":"https:\/\/www.ube.cat\/web\/wp-json\/wp\/v2\/categories?post=4426"},{"taxonomy":"post_tag","embeddable":true,"href":"https:\/\/www.ube.cat\/web\/wp-json\/wp\/v2\/tags?post=4426"}],"curies":[{"name":"wp","href":"https:\/\/api.w.org\/{rel}","templated":true}]}}